 is the greatest common divisor of 63 and u?
9
Let w(j) = j**2 + 226*j + 56. Let x be w(0). What is the highest common factor of x and 4228?
28
Suppose 4*c - 5*d + 97 = -0*c, -70 = 5*c + 4*d. Let l be 14135/99 + (-4)/c. Let y be l - 3*(-2)/(-6)*2. What is the greatest common divisor of y and 94?
47
Let g = 26661 + -26622. What is the highest common factor of 8437 and g?
13
Let s = 442 + -26. Suppose -7*m = -144 - s. Calculate the greatest common factor of m and 16.
16
Let z(s) = s**3 - 36*s**2 - 453*s - 14. Let d be z(46). What is the highest common divisor of 121 and d?
11
Let r be ((-1377)/17)/(6/(-4)). Let d = 8 + -6. What is the highest common factor of r and d?
2
Let j = -8215 - -15551. Calculate the greatest common factor of j and 112.
56
Let t = -49 - -53. Suppose 3*s - 4*h - 90 = 198, -394 = -t*s + 2*h. Let c = -81 + s. Calculate the highest common divisor of 152 and c.
19
Let k = 133 - 276. Let y = k + 145. Let r be (3/y)/3 - (-114)/12. Calculate the greatest common divisor of 2 and r.
2
Suppose 59*t = 60*t + 5*w - 411, 2*t + w - 786 = 0. Calculate the highest common divisor of t and 238.
17
Suppose 3*m = y + 12670, -3*m + 2*y - 5*y + 12690 = 0. Calculate the highest common divisor of m and 13.
13
Suppose -6275 = 126*o - 67211 - 22728. What is the highest common factor of o and 747?
83
Suppose -1 = -40*u + 599. Let o(p) = 3*p**2 - 8*p - 16. Let i be o(-8). What is the greatest common divisor of u and i?
15
Suppose -8828 = -32*t - 3356. Suppose 5*w - 320 = 250. Calculate the highest common factor of w and t.
57
Suppose 0 = n + n + 2, n = 3*i - 1. Suppose i = 2*l + 3*l - 200. Suppose -l = k - 2*k + 5*q, -3*q = -4*k + 109. What is the greatest common factor of k and 275?
25
Suppose -4*o = 6*o + 130. Let t = o + 30. Calculate the greatest common factor of 425 and t.
17
Let c = 415 - 253. Let n(x) = x**2 - 185*x + 742. Let w be n(4). What is the highest common factor of c and w?
18
Let o = 2929 - 1471. What is the greatest common divisor of o and 90?
18
Let r be 115/35 + (-4)/14. Suppose -2*k + 13*k - 803 = 0. Suppose -r*s - k = -5*u - s, -18 = -u - 3*s. What is the highest common factor of 5 and u?
5
Suppose 18*g - 14*g = 5*x - 620, -5*g = 25. Let n be 1/(-3) - (-80)/(-3). Let w be -3 - -1 - (1 + n). What is the greatest common divisor of x and w?
24
Let g = -24 - -59. Let x be 3*(4/22 + 2134/242). Suppose x*z = 64 + 206. Calculate the highest common factor of g and z.
5
Let u be (-128)/(-12)*(-3)/(-2). Let o = -3100 + 3252. Calculate the greatest common divisor of o and u.
8
Let x(j) = -2*j**3 + 9*j**2 + 6*j - 3. Let o be x(5). Let m(w) = -4 + 2*w**o + 12 - 9 + w. Let d be m(3). Calculate the highest common divisor of d and 220.
20
Suppose 0 = -3*q - 5*d + 232, 2*q - 4*d = -26 + 166. Suppose 0 = -x - 30*x + 8029. What is the highest common divisor of x and q?
37
Let m = 796 - 549. Suppose m = k + 12*k. Calculate the highest common factor of k and 57.
19
Let n be (8/5)/((-13)/(-130)). Let w = 31 + -28. Suppose 0*a - 96 = -w*a. Calculate the greatest common divisor of n and a.
16
Let h(s) = 3*s + 146. Let t be h(-18). Let v(y) be the first derivative of 31*y**2/2 - 18*y + 14. Let o be v(8). What is the greatest common divisor of o and t?
46
Let c be ((-72)/216)/(17/18 - 1). Let q(p) = -p**2 + 3*p + 28. Let v be q(c). Calculate the highest common divisor of 10 and v.
10
Let q = 6545 + -6503. What is the highest common divisor of 486 and q?
6
Suppose 0 = -5*j - 2*t + 21941 + 9536, -5*j + 3*t = -31447. Calculate the highest common factor of 609 and j.
203
Let z(y) = -y**2 + 58*y - 448. Let w be z(47). What is the highest common divisor of w and 115?
23
Suppose -6*d = -2*d - 24. Let i(z) = 3*z**2 + 128*z + 1179. Let f be i(-13). What is the highest common factor of f and d?
2
Let q be (-1*7)/((-9)/18). Let z = q - 2. Suppose -36 = -6*k - z. What is the greatest common factor of 1 and k?
1
Let w(a) = -930*a - 1852. Let k be w(-2). Let d be (-2)/(-4) + (-70)/(-4). What is the greatest common divisor of d and k?
2
Suppose -151 = -18*x + 47. Let k(a) = 2*a**2 + 8*a - 7. Let r be k(x). What is the highest common divisor of r and 38?
19
Suppose 33*f + 494*f - 8808278 = 0. What is the greatest common factor of f and 183?
61
Let m be 76/72*26 + 360/(-810). Let x = -196 - -115. Let h be x*(-3)/((-18)/(-14)). What is the greatest common divisor of h and m?
27
Suppose 230 = n - 2*c, -65 - 137 = -n - 5*c. Let h = -200 + n. Calculate the highest common factor of 22 and h.
22
Let h be (-781)/(-10) - ((-2)/(-100))/((-11)/(-55)). What is the greatest common factor of h and 11466?
78
Let k = 32456 + -32443. Calculate the highest common divisor of 481 and k.
13
Let q(r) = r + 17. Let c be q(0). Let o = -1008963 + 1010017. What is the highest common divisor of c and o?
17
Let p = -38 + -235. Let m = 468 + p. What is the highest common factor of m and 39?
39
Suppose 0 = 113*q - 100*q - 18408. Suppose 4*g = -4*b + q, 6*b + g = b + 1762. Calculate the highest common divisor of 64 and b.
32
Suppose 48834 = 15*q - 141933 - 420753. What is the highest common divisor of q and 16?
16
Suppose 3*z - 34 = n + 3, -3*n + 43 = 5*z. Suppose 5*b + 12 = b. Let r be 22*(5/(-2) - b). What is the highest common factor of r and z?
11
Suppose -5*u + 8*u = 60. Suppose -k - 279 = 2*v + 2*k, 725 = -5*v - 2*k. Let p = v + 287. Calculate the highest common factor of u and p.
20
Suppose -4017 = -27*w + 12318. Calculate the highest common divisor of 110 and w.
55
Let o = 100 + -98. Suppose 3*n = -o*k + 39 + 23, 5*k - 4*n - 201 = 0. Calculate the greatest common divisor of 37 and k.
37
Suppose 4*d - 5*p - 100 = 0, 0 = -3*d - p + 37 + 19. Suppose 0 = 3*y + 5*f - 560, 548 = -2*y + 5*y + 2*f. What is the greatest common divisor of y and d?
20
Let b be (-3)/6 - (3 - (-874)/(-4)). Suppose 26*x - 1882 = 1472. Calculate the greatest common divisor of b and x.
43
Suppose -2292*u + 2026*u + 17523282 = 0. What is the greatest common factor of u and 21?
21
Let a be (3520/66 + -21)/((-1)/(-21)) - -7. Let m = -32 - -130. Calculate the greatest common divisor of a and m.
98
Let f be (-246)/22 + 1 + 6/33. Let g be 3 + 1 - (-65)/f*-4. Calculate the highest common factor of g and 150.
30
Let h(a) = 3*a**2 + 22*a - 9. Suppose -3*p - 2 - 22 = 0. Let t be h(p). Suppose -33 = -8*c + t. What is the highest common factor of c and 35?
5
Let d(c) = -27*c**2 - 2*c + 2. Let g be d(-3). Let z = 451 + g. Let f be 30*589/744 + (-2)/(-8). Calculate the greatest common divisor of f and z.
24
Let w be (-77)/(-7) + 5 + 0. Let j(c) = -43*c - 8. Let y be j(-4). Let v = y - 84. Calculate the highest common factor of v and w.
16
Let x = 74 - 110. Let g = x + 38. Let z be (1 - -2 - g)*2 - -112. Calculate the greatest common factor of 38 and z.
38
Suppose -4*g - 104 = -5*h, -3*h - 190*g + 66 = -192*g. What is the highest common factor of 2779 and h?
7
Let s be 242310/126 - -7 - (-14)/(-147). What is the greatest common factor of 20 and s?
10
Let t = -119 - -112. Let v be 110 + t - 1/(-1). What is the highest common divisor of v and 8?
8
Let f(q) = -q**3 - 18*q**2 - 11*q + 66. Let i be f(-18). Calculate the highest common factor of i and 2004.
12
Let g be (40/50)/(-4) + 4549/(-5). Let j = -877 - g. Calculate the highest common factor of 33 and j.
33
Let a(n) = -2*n**2 - 14*n - 2. Let b be a(-7). Let j be -1*b/2 + 223. Calculate the highest common divisor of j and 14.
14
Let b = 1660 + -1579. Suppose 0 = -2*n - 3*p + 19, -n + p + 2*p + 23 = 0. Let f = 23 - n. Calculate the greatest common divisor of f and b.
9
Let n(q) = -78*q - 259. Let h be n(-8). What is the greatest common factor of 511 and h?
73
Suppose -a - 3*p + 3 = 3*a, -15 = 5*p. Suppose -825 = -3*j - a*t, 7*t = j + 3*t - 250. Calculate the highest common divisor of 30 and j.
30
Let x(i) = 94*i - 159. Let o be x(5). Let q = o - 307. What is the highest common divisor of q and 116?
4
Let i(t) = 20*t - 501. Let r be i(27). Calculate the highest common divisor of r and 273.
39
Let o = 600 - 39. Suppose -239 = -5*c + 2*k, -23*c + 18*c + k = -247. Calculate the highest common divisor of c and o.
51
Let s be 127 + (-3)/((-24)/32). Suppose 0 = -b + h + 5 + 56, h - s = -2*b. Calculate the greatest common factor of 16 and b.
16
Let s(m) = -16*m + 2. Let h(w) = -w - 4*w - 9 + 10